 - 2*c - 3. Let x(n) = 2*n**3 - 7*n**2 + 10*n - 6. Let y be x(3). Suppose 4*p - y - 9 = 0. Calculate g(p).
-15
Let d(m) = 10*m**3 + 24*m**2 + 4*m - 37. Let a(l) = 3*l**3 + 8*l**2 + l - 12. Let c(j) = -7*a(j) + 2*d(j). What is c(-8)?
2
Suppose 0 = -8*k - 44 + 28. Let p(i) = i**2 + i - 2. Calculate p(k).
0
Let b(w) = 4*w - 3. Let m be 5 - 1/((-2)/(-6)*3). Give b(m).
13
Let f(l) = -l**3 + 4*l**2 + l + 5. Suppose -9*d = -3*d + 18. Let x be (d/(-2))/((-15)/(-40)). Calculate f(x).
9
Let k(s) = 2 + 4*s - 5*s - 1. Let l = -1250 - -1251. Determine k(l).
0
Let l(y) be the first derivative of -2*y**2 - 82*y + 292. What is l(-22)?
6
Let n be 2 - 3 - (-6)/2. Let o = -1 + 1. Let f(m) = 2*m - n*m - 2*m + o*m. Determine f(1).
-2
Let t = -451 + 453. Let o(y) = 8*y + 1. Give o(t).
17
Let l(f) = -f**3 + 8*f**2 - 3*f + 2. Let n(p) = p**3 - 7*p**2 + 4*p - 2. Let q(a) = 2*l(a) + 3*n(a). Let u = -4 + 8. Give q(u).
6
Suppose 24 = 4*v - v. Let m(b) = 15*b**2 - 2*b - 3. Let u(w) = -5*w**2 + w + 1. Let h(o) = v*u(o) + 3*m(o). What is h(1)?
6
Let z(d) = d - 3. Let x(n) be the second derivative of n**2/2 + 17*n. Let t(r) = -7*x(r) - 2*z(r). Calculate t(1).
-3
Let f(g) be the first derivative of -5*g**2/2 + 39*g + 666. Calculate f(8).
-1
Let u be 3/(-12) + 99/12. Let t = u + -5. Let s(l) = -2*l + t*l**2 - l**3 + 1 + 2 - 2. Give s(2).
1
Let x(l) = -2 + 3*l - 2*l - l**3 + 1. Let g(q) = -q**3 + 5*q**2 - 4*q - 6. Let s(v) = -g(v) + 2*x(v). Let b = -15 + 9. What is s(b)?
4
Suppose -4*d = -p + 6 + 6, -d - 15 = -p. Let x = p + -11. Suppose 0*f = x*f. Let o(r) = -r - 1. Determine o(f).
-1
Let k(r) be the second derivative of r**3/6 - r**2 + r + 119. Determine k(-8).
-10
Let p(g) be the first derivative of -5 - 5*g**2 + 3 - 2 - 2. Let q = 1 - 0. Calculate p(q).
-10
Let s(b) = 2 - 11 + 15*b + 2 - 3. Let v(x) = 5*x - 3. Let j(q) = -2*s(q) + 7*v(q). What is j(-1)?
-6
Let c = 2065 + -2078. Let y(t) = -t**3 - 15*t**2 - 25*t + 18. What is y(c)?
5
Let r(s) = -3*s + 10. Suppose 0 = 3*a + 21 - 0. Let u(z) = 3*z - 11. Let y(d) = a*r(d) - 6*u(d). What is y(-4)?
-16
Suppose 0 = 4*c - 3*w - 31, -c - w + 6*w = 5. Let y be 4/c - (-52)/20. Suppose 2*i = -5*j + 18, -i - y*i + 8 = -4*j. Let t(q) = -7*q + 1. What is t(j)?
-13
Let y(w) = w**2 + 0*w**2 - 5*w - 2*w**2 + 1 - w. Suppose -4*r + 3*u + 17 = 0, r - 4 = 4*u - 3. Suppose -n - 1 = r. Determine y(n).
1
Let p(r) = 3*r**2 + 10*r. Let o(u) = 5*u**2 + 15*u. Let m(t) = -5*o(t) + 8*p(t). Suppose -3*b = 10*i - 8*i + 1, -i + 1 = b. Determine m(i).
4
Let r = 10 - 1. Let k(a) = -2 + 8 + 8*a + 2*a**2 - a**3 + 2*a**2 + 4*a**2. Calculate k(r).
-3
Let w(p) = p**2 + 7*p + 8. Let m(g) = g. Let f(v) = 2*m(v) + w(v). Let c be (4/(-5))/((-2)/(-15)). Give f(c).
-10
Let z(p) = -8*p**3 + p**2 + 15*p + 9. Let x(n) = 7*n**3 - 13*n - 8. Suppose 0 = -0*f + 3*f - w - 20, 4*w = -f - 2. Let a(m) = f*z(m) + 7*x(m). Calculate a(-6).
4
Let l(i) = i**2 - 11*i + 11. Let b be l(10). Let m be 3*1 - 12/(7 - b). Let a(d) = 16*d - 1. Give a(m).
15
Let l(u) = 7*u + 7. Let j(z) = -13*z - 13. Let a(t) = 6*j(t) + 11*l(t). Suppose 8*k - 4*k = 84. Let s = 14 - k. Calculate a(s).
6
Let b(g) = 11*g**2 + 38*g + 7. Let q be b(-3). Let j(u) = -u**2 - 5*u + 19. Calculate j(q).
-5
Let f(l) be the third derivative of l**4/6 + l**3/6 - l**2. Suppose 3*n - 9 + 1 = z, -5*n = 3*z - 4. Calculate f(n).
9
Suppose 0 = -4*p - 16, -4*l - 38 = -9*l + 2*p. Let r(j) = 7*j + 9. Let s(f) = -20*f - 26. Let n(t) = l*s(t) + 17*r(t). Give n(-3).
0
Let z(h) = 696*h - 27 + 698*h - 1397*h. Give z(-8).
-3
Let q(b) = b**3 + 2*b**2 + 3*b + 3. Suppose -1 = -3*l + 5*g - 2, -5*g + 10 = 0. Let y be l + -4 + 1 + 0. Let j(r) = -r**2 - 3. Let u be j(y). Determine q(u).
-15
Let k(t) = -2*t - t**2 - 2*t - 1 + 7. Suppose 482*x - 24 = 486*x. Give k(x).
-6
Let q(h) = 4*h - 3. Suppose -t = -4*y + 15, -4*y + 13 = 2*t - 17. Give q(y).
17
Let s(y) = 3*y**2 - 6*y + 9. Let a(l) = 16*l**2 - 29*l + 46. Let q(b) = 2*a(b) - 11*s(b). Determine q(7).
0
Let n(y) = -3*y**3 + 1 + 28*y - 28*y. Let f be n(-1). Let k(b) be the third derivative of -b**4/12 - 5*b**3/6 + b**2. What is k(f)?
-13
Suppose 669*v = 675*v - 18. Let k(z) = -3*z**2 - 3*z. What is k(v)?
-36
Let w be ((-30)/12)/((-35)/14). Let b(n) = -12*n - 7. Let q(p) = -35*p - 20. Let m(i) = -17*b(i) + 6*q(i). Determine m(w).
-7
Let c = -4 + 7. Suppose -c*l + 24 = l. Let g(z) be the third derivative of -z**4/24 + 5*z**3/6 - 55*z**2 - z. What is g(l)?
-1
Let q = 870 + -876. Let w(z) = -z**2 - 6*z + 9. What is w(q)?
9
Let x(b) be the second derivative of b**5/120 - b**4/4 - 7*b**3/3 - 22*b. Let q(j) be the second derivative of x(j). Determine q(9).
3
Let u(i) be the first derivative of -i**3/3 + 5*i**2 - i + 32. Give u(8).
15
Let p(s) = 3*s + 5. Let x(g) = -g**3 + 9*g**2 + g + 86. Let q be x(10). Give p(q).
-7
Let u(b) = b**2 - 2*b**2 + 2*b - b - 2*b - b**3. Let w(z) = -5*z**3 + 4*z**2 - 9*z - 9. Let o(v) = -4*u(v) + w(v). Determine o(7).
5
Let b(y) be the first derivative of -1/4*y**4 + 37 + y**2 + 2/3*y**3 + y. Give b(-1).
2
Let h = 260 - 259. Let r(p) = -4*p + 2. Give r(h).
-2
Let c = -168 + 168. Suppose 3*x + 4 = 5*x. Let v(i) = i - x - i - i. Give v(c).
-2
Let g(t) = -1 - 4*t**2 + 74*t + 75*t + 3 - t**3 - 153*t. Determine g(-4).
18
Let v(o) be the second derivative of -o**3/6 - 3*o**2/2 + 2*o. Let t = 469 + -478. Calculate v(t).
6
Let t(l) = -l**2 + 2 - 4*l + l + 5*l**2. Suppose 0 = -3*r - 3*n + 57 - 48, 5*r - 8 = 2*n. What is t(r)?
12
Let w(u) be the third derivative of -u**7/840 - u**6/60 - u**5/120 + u**4/24 + 11*u**3/6 + 11*u**2. Let l(m) be the first derivative of w(m). Calculate l(-6).
7
Let q be 20/(-2) + 0*2/(-6). Let h(u) = -u**3 - 10*u**2 + 3. What is h(q)?
3
Let o be (56/12)/(-7)*-6. Suppose -l + o = -3*l. Let b(j) = -3 - 18*j + 14*j - 4*j**3 + 5*j**3 + j**2. Determine b(l).
1
Let z(g) = g + 3. Let x(r) = 3*r - 4. Let j be x(4). Let u be (-3)/(-12) - 2/j. What is z(u)?
3
Let u(h) = 3*h**2 + 2*h - 1. Let r(v) = -v**3 + 12*v**2 - 2*v + 22. Let s = -59 + 71. Let x be r(s). Give u(x).
7
Let b be 2406/42 - 4/14. Let s(h) = -9*h - 3*h**3 - b*h**2 + 2*h**3 + 47*h**2 - 7. Calculate s(-9).
-7
Let y(k) = k + 14. Let r be y(0). Suppose 0*h + 5*h = -j + 18, -4*h = j - r. Let c(w) = 1 + 0 + 114*w - 4*w**2 - 93*w + 0 - 23*w. Determine c(j).
-11
Let q(j) = -2*j + 4. Let d be 10/(-9) - -1 - 5/(-45). What is q(d)?
4
Suppose -81 = -10*t - 121. Let k(f) = -f - 5. Determine k(t).
-1
Let c(o) be the first derivative of 3*o + 0*o**2 + 18 - 1/4*o**4 + 1/3*o**3. Determine c(0).
3
Let l(p) = -13*p. Let g(c) = -13*c - 1. Let h(j) = -5*g(j) + 6*l(j). What is h(4)?
-47
Let v(w) = w**3 + 11*w**2 - 21*w + 21. Let d(b) = 2*b**3 + 21*b**2 - 38*b + 40. Let x(c) = -3*d(c) + 5*v(c). Give x(-9).
-15
Let u = 16 + -18. Let p = 4 - 2. Let v be (-1)/4*p*u. Let n(x) = x - 1. Calculate n(v).
0
Let x(g) = -g**3 - 6*g**2 + 4. Suppose 6 = y + u, y + 3*y + 2*u - 34 = 0. Let d = -17 + y. What is x(d)?
4
Let l(z) = -2*z**2 + 7*z - 13. Suppose 1346*b - 1332*b - 84 = 0. What is l(b)?
-43
Let a(c) be the second derivative of -c**4/12 - c**3 - c**2 + 16*c + 9. Calculate a(-5).
3
Suppose 2*u - 4*j + 16 = -0*j, -2*j = -2*u - 10. Let b(r) = -3*r - 3*r + 0 - 2 + 2*r. Determine b(u).
6
Let v(i) = 1330*i**2 - 1331*i**2 - 1 - 4 - 3*i. Let z(j) = j - 4. Let w = -4 - -4. Let c be z(w). Determine v(c).
-9
Suppose -u = -4*t - 12 + 45, 3*t - u = 26. Suppose n + t - 5 = 0. Let g(z) = -z**3 - 2*z**2 + z - 1. Give g(n).
-3
Let f(w) be the second derivative of -w**2 + 2*w + 0 + 5/6*w**3 + 1/4*w**4 - 1/20*w**5. Let c be 5*-2*(189/(-35) - -5). Calculate f(c).
2
Let j(w) be the second derivative of w**5/60 + w**4/6 - w**3 - 11*w**2/2 + 7*w. Let g(y) be the first derivative of j(y). What is g(-6)?
6
Suppose 3*w = -2*h - 1 + 4, 3*h = 2*w + 37. Let i(p) = p**2 - 12*p + 26. Give i(h).
-1
Let i(w) = -4*w - 3. Suppose -9*p + 24 = -3*p. Suppose 5*d = -p*a, 0*a - 5*a - 29 = -d. What is i(d)?
-19
Let o = -3 - -2. Let y(s) = -s**2 - s - 1. Let k(q) = 3*q**2 + q + 1. Let t(p) = k(p) + 2*y(p). Let j(n) = -n**2 + 6*n + 5. Let w(b) = j(b) + 6*t(b). Give w(o).
4
Let p(x) = -x**3 - 1. Let o(s) = -5*s + 32. Let v be o(6). Suppose 8 = v*t + 8. Give p(t).
-1
Let b be (-2)/(-6) - (-48)/18. Let o(s) be the first derivative of -s**3/3 + 2*s**2 + s - 11. Calculate o(b)